9. Let o be b(16). Let t(p) = 7*p**2 - 15*p - 2. Let s(k) = o*t(k) + 5*f(k). What is s(5)?
-6
Let j(v) be the first derivative of -v**4/4 + 20*v**3/3 - 33*v**2/2 - 48*v - 315. What is j(18)?
6
Let p be (4/(-2))/(23 - 25). Let w be 3*38 + (-2 - p). Let c(x) = -5*x**3 - 4*x**2 + w + 4*x**3 - 108. Determine c(-4).
3
Let n(k) = -2*k - 4. Let i(v) = 10*v + 20. Let x(h) = -3*i(h) - 14*n(h). Let w = -1550 + 1554. Determine x(w).
-12
Let t(y) = -8*y + 735 - 697 - 5*y - 6*y + 6*y. Calculate t(4).
-14
Let g(u) = u**2 - u - 4. Let x be g(0). Let c(a) = -2*a - 39. Let t(n) = n + 21. Let s(d) = 4*c(d) + 7*t(d). What is s(x)?
-5
Suppose -4*w - 5*r + 3070 = 3109, 5*w - r = 2. Let s(m) = 7*m**3 + 2*m + 2. Determine s(w).
-7
Suppose -7*a = 38 + 11. Let p(b) = -2*b - 16. Determine p(a).
-2
Let d(r) = 14*r**2 + 3*r - 3. Let f(o) = -17*o**2 - 8*o + 2. Let j(i) = -6*d(i) - 5*f(i). Determine j(-20).
-32
Suppose 4*u = -r + 7 + 6, -7 = -4*u - 3*r. Suppose 0 = -u*b + g - 4*g, -b - 3*g = 0. Let o(n) = n. Let t(i) = i - 1. Let s(m) = -3*o(m) + 2*t(m). Give s(b).
-2
Let v(c) = c**3 - 8*c**2 + 7*c - 3. Let d be (-29)/((-348)/(-120)) + 13. Give v(d).
-27
Suppose 4 = -31*b - 58. Let p(w) = 2*w**3 + 3*w**2 - 3. Calculate p(b).
-7
Let x(m) = 7*m**3 + 13*m**2 - m - 35. Let r(k) = -4*k**3 - 7*k**2 + 19. Let p(q) = -5*r(q) - 3*x(q). Calculate p(-3).
-8
Let v(p) be the first derivative of -3*p**2/2 + 23*p - 91. Let w(h) = h - 8. Let j(y) = 3*v(y) + 8*w(y). Give j(10).
-5
Suppose -3*k + 65 = 2*o, -14*k = -19*k + 4*o + 123. Let s(j) = -j**3 + 25*j**2 - 44*j - 51. Calculate s(k).
-5
Suppose -180*j - 1579 = -912 + 1493. Let r(q) = -q - 30. What is r(j)?
-18
Let g(p) = -3*p**2. Let t be g(1). Suppose 0 = n - 55 - 49. Let r(c) = c**2 + c + n - 203 + 98. Determine r(t).
5
Let w(i) = i - 5. Let f be ((-2328)/(-68))/2 + (-6)/51. Let b = 23 - f. Give w(b).
1
Suppose 4*t - a - 1411 + 21 = 0, -4*t = -2*a - 1388. Let x = t + -354. Let q(p) = p**3 + 5*p**2 - 9*p - 15. Give q(x).
3
Let k(a) = -22*a**2 + 9*a + 46. Let w(t) = 44*t**2 - 21*t - 107. Let r(u) = -7*k(u) - 3*w(u). Give r(1).
21
Let p(v) = 3*v + 3824 - v**2 - 1988 - 1906 + 19*v. Give p(22).
-70
Let w(h) = -3*h + 8. Let u = -77 + 103. Suppose -2*j - 20 + u = 0. Give w(j).
-1
Let w(a) be the second derivative of a**5/20 - a**4/3 - a**3/3 + 3*a**2/2 - 396*a + 12. Calculate w(2).
-9
Suppose -27 = -4*n - 7. Let k(a) = -30 + 35 + 215*a + a**2 - 109*a - 105*a. Give k(n).
35
Let w(a) = 4*a**3 - 5*a**3 + 4*a + 4*a**2 - 7*a**2 + 2. Let h(i) = i**3 + 21*i**2 - 45*i + 19. Let l be h(-23). What is w(l)?
2
Let t(b) = 3*b**3 - 26*b**2 - 71. Let y be t(9). Let i(d) = -d + 31. What is i(y)?
21
Let d(z) = -5*z - 3 - 15*z + 36*z - 9*z - 14. Let s(j) be the first derivative of 2*j**2 - 8*j + 2. Let w(o) = -3*d(o) + 5*s(o). Give w(9).
2
Let x be (-4)/(-10)*(-16)/(256/(-1640)). Suppose 0 = -x*w + 2*w - 351. Let i(b) be the third derivative of b**4/24 + 2*b**3/3 - b**2. Calculate i(w).
-5
Suppose 59*n + 215 = 864. Let r = -5 + 7. Let y(u) = 2*u + 13 + 3*u**2 - r*u**3 + 0 - n. Give y(3).
-19
Let n = -51 - -63. Suppose -4*m + n = -2*s, -13*s = -3*m - 14*s - 1. Let b(v) = -6*v + 1. Determine b(m).
-5
Suppose 31*z + 5*z + 168 = -6*z. Let t(f) = 3*f**3 + 3*f**2 - 6*f + 6. Calculate t(z).
-114
Let f(n) = 2*n - 1. Let l be ((-44)/(-12))/(8/120). Suppose -5*y - b + 21 = 0, -l*b + 56*b + 24 = 4*y. Calculate f(y).
9
Let p(t) = 3*t**2 - 17*t. Suppose 0 = 2*r + 3*x + 1, 39 = -r - 4*x + 26. Calculate p(r).
28
Suppose -x + m + 0 = -10, -2*m = 4*x - 34. Let p(g) = 27*g**2 + 26*g - 104. Let r(a) = -11*a**2 - 11*a + 42. Let h(c) = -9*p(c) - 22*r(c). Determine h(x).
3
Let p(i) = i**3 - 12*i**2 - 16*i + 23. Let q = 9536 - 9523. Determine p(q).
-16
Suppose 4*x = 26 - 22. Let t(r) = -r**3 - r**2 - r - 1. Let p(z) = -7*z**3 - 18*z**2 - 5*z + 1. Let n(a) = x*p(a) - 6*t(a). Determine n(-12).
-5
Let b(l) = 2*l**3 - 15*l**2 + 8*l + 37. Let h(f) = -5*f**3 + 49*f**2 - 22*f - 112. Let v(c) = -8*b(c) - 3*h(c). Determine v(-27).
-14
Let i(z) be the second derivative of 11*z**6/360 - z**5/120 - 5*z**4/3 - 2*z**3/3 + 181*z. Let t(k) be the third derivative of i(k). What is t(-1)?
-23
Let x(t) = -1 - 163*t**2 + 160*t**2 - 6*t + 1 + 3. Give x(-3).
-6
Let f(p) be the third derivative of p**5/60 - 7*p**4/12 + 11*p**3/6 + 3*p**2 + 19. Suppose 205*d - 215*d + 120 = 0. What is f(d)?
-13
Let z be 11 + (-6)/36*-2*-18. Let t(a) = -9*a + 4*a**2 - 6*a - z*a**2 + 7*a - 9. Suppose j + 10 = 3. What is t(j)?
-2
Let i(r) = 19*r**3 + 8*r**2 - 24*r - 20. Let x(t) = -11*t**3 - 4*t**2 + 14*t + 11. Let k(g) = -3*i(g) - 5*x(g). Give k(-2).
1
Suppose -4*i - 2 = -2*h, -2*i - 30 = -4*h - 7*i. Let t(u) be the second derivative of 0 + 5/12*u**4 - 5/2*u**2 - 1/3*u**3 - 1/20*u**h - 4*u. Calculate t(5).
-15
Let z(j) = 69*j**2 - 3*j + 3. Suppose -26 = 13383*o - 13409*o. Give z(o).
69
Let b be (-2 - 10)*(-192)/(-36). Let i = b + 69. Suppose -4*m + 12 + 6 = p, -3*m - i*p + 5 = 0. Let j(w) = w**2 - 6*w + 4. What is j(m)?
-1
Suppose -2*l = 3*l + 3*o - 75, 2*l = -o + 30. Suppose 3*a + 6 = -l. Let j be 49/a - (-5)/1. Let x(w) = w**3 + 2*w**2 + 2*w + 2. Calculate x(j).
-2
Let i(a) = -6*a + 17. Suppose 1916 = 124*v + 428. Determine i(v).
-55
Let u(t) = 2*t**3 + 14*t**2 + 13*t + 9. Let c(f) = -f**3 - 10*f**2 - 11*f - 9. Let v(j) = -3*c(j) - 2*u(j). Determine v(-2).
11
Let y(c) = -2*c - 2. Suppose -5*d - 2*n + 5 + 5 = 0, 2*d - 3*n + 15 = 0. Suppose d*t - 2*t = -5*t. Determine y(t).
-2
Let j(d) = d + 3. Let k be j(1). Suppose 0 = 13*u - 15*u - k. Let q be ((-153)/(-18) - 8)/((-1)/u). Let n(c) = -2*c. Calculate n(q).
-2
Let p(a) = -a**3 + a**2 - 4*a + 23. Let x(m) = m + 4. Let z(i) = -p(i) - 4*x(i). What is z(0)?
-39
Let z(m) = m - 1. Let f be z(-1). Let g(d) be the third derivative of -1/120*d**6 + 1/8*d**4 + 0*d + 2*d**2 + 20 + 0*d**5 + 1/3*d**3. Calculate g(f).
4
Let y(n) = 46*n - 377. Let v(d) = 109*d - 754. Let f(b) = -2*v(b) + 5*y(b). Determine f(31).
-5
Let g(k) = 1. Let h(o) = 2*o - 2. Let p(s) = g(s) + h(s). Let t(b) = -116 + 156*b - 75*b - 75*b - 25. Let j be t(23). Give p(j).
-7
Let v(t) = t**3 - 68*t**2 + t - 62. Suppose 0 = -116*c + 2435 + 5453. Give v(c).
6
Let t = -343 - -347. Suppose -3*p - 65 = 4*c - 8*p, 4*c - t*p + 60 = 0. Let h(z) = -z**3 - 10*z**2 - 2*z - 13. What is h(c)?
7
Let v(u) = -u**2 + 5*u + 3. Let n(j) = -j**2 - 16*j + 14. Let z be n(-15). Let o = 41 - z. Suppose 14*s + o = 17*s. Determine v(s).
7
Let m(f) = -2*f**3 + 2*f**2 + 2*f + 10. Let x(l) = l**3 - l**2 - l - 10. Let u(i) = 2*m(i) + 3*x(i). Suppose 0 = -8147*h + 7927*h. Give u(h).
-10
Let m(b) be the third derivative of b**3/6 - b**2. Let y(a) = -4 + 3*a - 4*a + 0*a + 6 + 1. Let u(d) = -8*m(d) + 3*y(d). Give u(2).
-5
Let k(d) be the third derivative of d**6/60 + d**5/12 - d**4/8 + 5*d**3/6 - 12*d**2 + 2*d + 38. Let q be (3/2 + 0)*-2. Give k(q).
5
Suppose m + 2 = 0, -l + 26 - 8 = -m. Let d(n) = n - 54*n + 0*n**3 + 7*n - 2 - n**3 + 16*n**2 + 46*n. What is d(l)?
-2
Let j(z) = -13*z + 4*z**2 + 5*z + 7*z + 3*z. Let c(h) = h**2 + 5*h - 2. Let v be c(-5). What is j(v)?
12
Suppose -30*u = -25*u + 5. Let r(a) = -3*a - 1. Let t be r(u). Suppose t*f + 13 = d - 2*d, 4*d - 3*f = 3. Let h(j) = -j**2 + 4. Calculate h(d).
-5
Let n be 36/(-10)*(-1340)/1206. Let z(r) be the first derivative of r**4/4 - 2*r**3 + 5*r**2/2 - 6*r - 18. Calculate z(n).
-18
Let y = 52 - 51. Let p be y/((1 + 4)/35). Let t(l) = l**3 - 6*l**2 - 5*l + 3. Determine t(p).
17
Let r(q) = -29*q**3 - 48*q**2 + 1497*q - 44. Let n(t) = -6*t**3 - 10*t**2 + 312*t - 9. Let d(h) = -24*n(h) + 5*r(h). Let c be 3*(8/6 + -2). What is d(c)?
10
Let x(z) = 2*z - z - 8 + 8*z - 4*z - 2. Let n(u) = 27*u - 52. Let j(v) = -2*n(v) + 11*x(v). Determine j(7).
1
Let y(f) = -7515 - 7514 + 15031 - 4*f. Let a(b) = b**2 + 8*b. Let o be a(-8). Suppose -1 = s + 3*v, 2*v + 1 + 1 = o. Calculate y(s).
-6
Let y(i) = -i - 2*i + 5 - 6. Suppose 3*s - d = -2*d + 13, 4*s + 4*d - 20 = 0. What is y(s)?
-13
Let t(q) = 10 + 5 - q + 17 - 37 + 3. Give t(-9).
7
Let j(a) = -30*a - 133. Let c(m) = -65*m - 261. Let h(v) = 3*c(v) - 7*j(v). Determine h(-12).
-32
Let f(g) = g**3 + 8*g**2 + 8*g + 12. Suppose 35 = -12*c + 7*c. Let n be f(c). Suppose -z = -i, 5*z + 18 = -n*i + z. Let t(k) = 2*k**2 + 2*k + 1. Calculate t(i).
5
Let m(o) = o**3 - 9